mmon factor of 64 and 12800.
64
Calculate the greatest common factor of 520 and 1080.
40
What is the highest common factor of 78 and 90?
6
What is the highest common divisor of 15458 and 262?
262
What is the highest common divisor of 4531 and 788?
197
Calculate the greatest common divisor of 1438 and 14.
2
Calculate the highest common factor of 1760 and 4960.
160
What is the greatest common factor of 24 and 3099?
3
Calculate the greatest common divisor of 336 and 96.
48
Calculate the greatest common divisor of 5 and 155.
5
What is the greatest common divisor of 202 and 20907?
101
Calculate the greatest common divisor of 195 and 135.
15
What is the highest common factor of 13 and 1079?
13
What is the highest common factor of 85 and 7922?
17
Calculate the greatest common divisor of 368 and 230.
46
What is the greatest common divisor of 3714 and 3?
3
What is the highest common factor of 122 and 10?
2
What is the highest common divisor of 120 and 1160?
40
Calculate the greatest common factor of 405 and 2880.
45
Calculate the highest common divisor of 116 and 638.
58
What is the highest common factor of 720 and 1656?
72
Calculate the highest common divisor of 100 and 60.
20
Calculate the highest common factor of 12454 and 13.
13
What is the greatest common factor of 7332 and 94?
94
Calculate the highest common factor of 18 and 11124.
18
What is the highest common divisor of 72 and 306?
18
What is the greatest common divisor of 2001 and 69?
69
What is the greatest common factor of 134 and 2278?
134
Calculate the highest common divisor of 37 and 2183.
37
What is the highest common factor of 49 and 12544?
49
Calculate the greatest common divisor of 1767 and 513.
57
Calculate the highest common factor of 6 and 498.
6
What is the highest common divisor of 171 and 207?
9
Calculate the highest common factor of 2 and 1094.
2
What is the highest common divisor of 46 and 1426?
46
Calculate the highest common divisor of 108 and 180.
36
What is the greatest common factor of 7183 and 22?
11
Calculate the highest common factor of 134 and 10385.
67
Calculate the highest common divisor of 285 and 105.
15
Calculate the highest common factor of 10 and 3470.
10
What is the highest common factor of 468 and 52?
52
What is the highest common divisor of 39 and 312?
39
What is the highest common factor of 1856 and 116?
116
What is the highest common factor of 4250 and 34?
34
Calculate the highest common factor of 348 and 420.
12
What is the highest common divisor of 30 and 2910?
30
What is the greatest common divisor of 140 and 35?
35
Calculate the highest common divisor of 35 and 28.
7
Calculate the greatest common divisor of 216 and 297.
27
What is the highest common factor of 3 and 14?
1
Calculate the highest common divisor of 2 and 255.
1
What is the greatest common divisor of 671 and 11?
11
What is the greatest common divisor of 7015 and 345?
115
Calculate the highest common factor of 11 and 5401.
11
What is the greatest common factor of 954 and 18?
18
Calculate the greatest common factor of 1323 and 294.
147
Calculate the highest common divisor of 792 and 5292.
36
Calculate the highest common factor of 615 and 15.
15
Calculate the greatest common factor of 128 and 4.
4
Calculate the greatest common divisor of 16 and 4.
4
What is the greatest common divisor of 2715 and 724?
181
Calculate the highest common divisor of 441 and 36.
9
Calculate the highest common divisor of 7 and 686.
7
What is the greatest common divisor of 702 and 6?
6
What is the highest common factor of 32 and 736?
32
Calculate the greatest common factor of 288 and 80.
16
Calculate the greatest common divisor of 105 and 14.
7
What is the highest common factor of 1088 and 34?
34
Calculate the highest common divisor of 714 and 210.
42
Calculate the highest common factor of 49 and 56.
7
Calculate the highest common divisor of 5706 and 36.
18
What is the highest common divisor of 42 and 9?
3
What is the highest common factor of 462 and 1254?
66
Calculate the highest common divisor of 15 and 745.
5
Calculate the greatest common factor of 39 and 52.
13
What is the highest common factor of 266 and 14?
14
What is the highest common divisor of 53057 and 17?
17
Calculate the highest common divisor of 216 and 60.
12
Calculate the highest common factor of 4696 and 16.
8
Calculate the greatest common divisor of 12 and 12516.
12
What is the greatest common factor of 44 and 374?
22
Calculate the highest common factor of 34 and 1598.
34
Calculate the highest common factor of 1150 and 322.
46
Calculate the highest common divisor of 31 and 899.
31
Calculate the greatest common divisor of 19 and 2299.
19
Calculate the greatest common factor of 400 and 24.
8
What is the highest common divisor of 2025 and 375?
75
Calculate the greatest common divisor of 264 and 2552.
88
Calculate the greatest common divisor of 819 and 182.
91
What is the highest common factor of 16 and 544?
16
What is the greatest common factor of 5 and 27?
1
What is the highest common divisor of 18 and 306?
18
Calculate the highest common factor of 527 and 31.
31
What is the highest common factor of 81 and 2511?
81
What is the highest common divisor of 160 and 24?
8
Calculate the greatest common factor of 1 and 1694.
1
Calculate the greatest common factor of 675 and 27.
27
Calculate the highest common divisor of 70 and 35.
35
Calculate the highest common divisor of 477 and 106.
53
Calculate the highest common factor of 80 and 12.
4
Calculate the greatest common divisor of 113 and 55031.
113
What is the greatest common divisor of 216 and 2133?
27
What is the highest common divisor of 7455 and 30?
15
Calculate the greatest common factor of 12 and 678.
6
Calculate the highest common factor of 6700 and 150.
50
What is the highest common factor of 2766 and 24?
6
Calculate the highest common divisor of 702 and 108.
54
Calculate the highest common divisor of 16 and 976.
16
Calculate the highest common factor of 204 and 1326.
102
Calculate the greatest common divisor of 4224 and 11.
11
Calculate the greatest common factor of 36 and 27.
9
What is the highest common divisor of 1456 and 112?
112
Calculate the highest common factor of 36 and 468.
36
Calculate the greatest common factor of 1403 and 183.
61
Calculate the highest common divisor of 216 and 162.
54
What is the greatest common factor of 3820 and 220?
20
Calculate the greatest common factor of 20 and 88420.
20
Calculate the greatest common divisor of 154 and 1562.
22
Calculate the greatest common factor of 312 and 48.
24
Calculate the highest common divisor of 188 and 658.
94
Calculate the greatest common divisor of 2363 and 442.
17
What is the greatest common divisor of 14 and 182?
14
Calculate the greatest common divisor of 39 and 78.
39
What is the greatest common divisor of 52 and 596?
4
Calculate the greatest common factor of 197 and 68359.
197
Calculate the highest common factor of 552 and 936.
24
What is the greatest common factor of 156 and 39?
39
What is the greatest common divisor of 1469 and 208?
13
What is the greatest common factor of 70 and 8085?
35
Calculate the highest common factor of 36 and 192.
12
Calculate the highest common divisor of 30 and 372.
6
What is the highest common divisor of 3950 and 2?
2
What is the greatest common factor of 2665 and 451?
41
What is the highest common factor of 720 and 1744?
16
What is the highest common divisor of 473 and 172?
43
What is the greatest common factor of 169 and 4173?
13
Calculate the greatest common divisor of 117 and 657.
9
Calculate the highest common divisor of 4 and 43.
1
What is the highest common divisor of 37 and 925?
37
What is the greatest common factor of 1000 and 16?
8
Calculate the highest common factor of 1885 and 65.
65
Calculate the highest common divisor of 102 and 8211.
51
What is the greatest common factor of 324 and 891?
81
Calculate the greatest common factor of 48 and 8196.
12
Calculate the greatest common factor of 40 and 10000.
40
What is the greatest common factor of 4 and 332?
4
What is the greatest common factor of 392 and 378?
14
Calculate the highest common factor of 7 and 420.
7
Calculate the greatest common divisor of 621 and 27.
27
Calculate the highest common divisor of 4983 and 151.
151
Calculate the hig